 divisor of 38036400 and 1093?
1093
Calculate the highest common factor of 694227788 and 188.
188
What is the highest common divisor of 1881 and 5767542?
99
What is the greatest common divisor of 13859112 and 144?
24
What is the greatest common factor of 6021052 and 7716?
2572
What is the highest common divisor of 18168210 and 145?
145
Calculate the highest common divisor of 1440 and 2518920.
360
Calculate the highest common factor of 51238 and 113249954.
4658
What is the greatest common factor of 37851 and 294?
3
What is the highest common divisor of 500 and 17890700?
100
What is the highest common divisor of 672 and 8538?
6
What is the greatest common factor of 61285 and 25376155?
595
What is the highest common factor of 750 and 436000?
250
What is the greatest common divisor of 775 and 198926070?
155
What is the highest common factor of 104 and 538937464?
104
What is the highest common factor of 230 and 207882625?
115
Calculate the greatest common factor of 17006 and 50776.
22
Calculate the highest common factor of 7692 and 94182771.
1923
What is the greatest common factor of 386 and 20635753?
193
Calculate the greatest common divisor of 54 and 351369.
9
Calculate the greatest common divisor of 17 and 20463903.
17
Calculate the highest common divisor of 229069008 and 96.
48
What is the highest common factor of 18 and 1384569?
9
Calculate the greatest common factor of 52 and 1384571227.
13
Calculate the highest common divisor of 961963245 and 978.
489
What is the greatest common divisor of 69 and 109710483?
69
What is the greatest common factor of 11421 and 23276844?
423
What is the greatest common factor of 65254 and 77844704?
1106
Calculate the highest common divisor of 13462 and 5459.
53
Calculate the highest common divisor of 200052 and 8784.
36
What is the greatest common factor of 17967 and 9547257?
339
Calculate the highest common factor of 18791 and 5957621.
437
Calculate the highest common factor of 1714708 and 300.
4
Calculate the highest common factor of 166064 and 272957.
107
Calculate the highest common factor of 163371 and 45582.
213
What is the greatest common divisor of 14 and 85522?
2
Calculate the greatest common factor of 2391779 and 30053.
733
What is the greatest common divisor of 17069409 and 14?
7
Calculate the highest common factor of 144 and 848986368.
48
What is the highest common divisor of 904883 and 2?
1
What is the highest common divisor of 118 and 30674513?
59
What is the highest common divisor of 31899 and 1430247?
651
What is the greatest common divisor of 1337771 and 5?
1
What is the greatest common factor of 136590645 and 15?
15
Calculate the highest common divisor of 456 and 18929301.
57
What is the highest common factor of 14930598 and 12?
6
Calculate the greatest common divisor of 69047 and 35079.
11
What is the highest common divisor of 42 and 8423367?
3
Calculate the greatest common factor of 22431594 and 140742.
6702
What is the greatest common divisor of 243855 and 7173?
9
What is the greatest common divisor of 108047 and 42127?
103
What is the highest common factor of 370 and 8389232?
74
What is the highest common divisor of 5 and 247198?
1
Calculate the greatest common divisor of 2352 and 1041360.
48
Calculate the highest common divisor of 8180 and 41040.
20
What is the highest common divisor of 12171759 and 7375?
59
Calculate the highest common factor of 9945 and 1600040.
1105
Calculate the highest common factor of 40 and 11714544.
8
What is the greatest common divisor of 203184 and 5831?
17
What is the highest common divisor of 49296 and 38922273?
3081
What is the highest common factor of 843066 and 48?
6
Calculate the highest common divisor of 16980 and 741270.
30
What is the highest common factor of 10602046 and 234?
26
Calculate the highest common divisor of 7368 and 7917837.
921
Calculate the highest common divisor of 34188146 and 762.
254
Calculate the highest common factor of 136818 and 30611991.
2073
Calculate the highest common factor of 432 and 6557112.
216
Calculate the greatest common divisor of 5368 and 1059512.
8
What is the greatest common divisor of 452 and 3388305?
113
Calculate the highest common divisor of 2661000 and 3480.
120
What is the greatest common factor of 16848 and 19359?
81
What is the greatest common factor of 1428 and 47924828?
28
Calculate the highest common factor of 5567616 and 36158.
358
What is the highest common divisor of 1693549 and 572?
143
Calculate the greatest common divisor of 59022 and 85194.
18
Calculate the greatest common factor of 824 and 855770556.
412
Calculate the highest common divisor of 970 and 776570.
10
What is the greatest common divisor of 19642 and 639646?
854
What is the greatest common factor of 753904179 and 567?
567
Calculate the greatest common divisor of 6289 and 114685873.
331
Calculate the highest common factor of 4376504 and 44.
44
Calculate the greatest common factor of 444406 and 42458.
46
What is the greatest common factor of 17911572 and 7112?
3556
Calculate the highest common factor of 1319723576 and 71.
71
What is the highest common divisor of 1344 and 54806464?
64
Calculate the highest common factor of 3270791 and 1773.
197
What is the greatest common divisor of 8567 and 25779?
13
Calculate the highest common factor of 11922924 and 468.
156
What is the highest common divisor of 235764 and 4368?
12
Calculate the highest common divisor of 2068 and 455122855.
517
Calculate the highest common factor of 6875 and 1624425.
275
Calculate the greatest common factor of 78150072 and 3588.
156
Calculate the greatest common divisor of 2107 and 19638073.
49
Calculate the highest common factor of 235200 and 274752.
192
What is the highest common divisor of 137783370 and 492?
246
What is the greatest common divisor of 225 and 7998975?
225
What is the greatest common factor of 1786 and 26286536?
94
What is the greatest common divisor of 13229 and 100?
1
What is the greatest common factor of 228 and 955912?
4
Calculate the greatest common factor of 983927 and 217161.
2681
What is the highest common divisor of 195861 and 1059?
3
Calculate the greatest common factor of 4141 and 42965905.
101
Calculate the highest common factor of 260 and 165712.
4
Calculate the highest common factor of 24541 and 20349824.
1067
Calculate the greatest common factor of 391391 and 2233.
77
Calculate the greatest common divisor of 60 and 373318720.
20
Calculate the highest common factor of 34 and 888908376.
34
Calculate the highest common divisor of 171536 and 144272.
1136
What is the greatest common factor of 32545000 and 552?
184
Calculate the greatest common divisor of 7664 and 1928933.
479
Calculate the greatest common divisor of 13915 and 1408405.
115
Calculate the greatest common factor of 6817291 and 116.
29
Calculate the highest common factor of 195312 and 400.
16
Calculate the highest common factor of 28452600 and 4488.
264
What is the highest common divisor of 50 and 1931938150?
50
What is the highest common factor of 7128051 and 14?
7
Calculate the highest common divisor of 1794 and 6258369.
897
What is the greatest common divisor of 6695 and 2639?
13
What is the highest common divisor of 3095682507 and 334?
167
Calculate the greatest common divisor of 66 and 18123534.
66
Calculate the greatest common factor of 144955 and 31179.
547
What is the greatest common factor of 130572213 and 201?
201
Calculate the highest common divisor of 1733 and 58563269.
1733
What is the highest common factor of 2533 and 373082?
17
Calculate the greatest common factor of 89679 and 23547.
501
What is the greatest common divisor of 28620 and 5570?
10
What is the highest common divisor of 474885 and 37686105?
2745
What is the highest common divisor of 17980691 and 1923?
641
What is the highest common divisor of 1778860 and 10585?
145
Calculate the highest common divisor of 1676516 and 368.
92
Calculate the highest common divisor of 573824 and 2688.
128
What is the greatest common divisor of 24 and 2149860?
12
What is the highest common factor of 1520 and 77284780?
380
Calculate the highest common divisor of 33705313 and 1.
1
Calculate the greatest common factor of 424450 and 260.
130
What is the highest common factor of 34 and 22557589?
17
Calculate the greatest common f